
Convert 12a71f (base 16) to base 5.
303104211
What is d74d (base 15) in base 6?
550431
What is -44a3 (base 14) in base 7?
-46463
-1010011001000101 (base 2) to base 4
-22121011
Convert -1032324201 (base 5) to base 6.
-115443422
What is 102201223030 (base 4) in base 8?
22415314
-13333104 (base 5) to base 11
-93741
What is 13020402 (base 5) in base 10?
126352
1110100010011100101010 (base 2) to base 8
16423452
Convert 976d (base 15) to base 11.
2209a
Convert 9a4d25 (base 14) to base 8.
23766565
-122340 (base 5) to base 6
-33504
618951 (base 10) to base 4
2113013013
What is -130c01 (base 13) in base 4?
-1300003331
What is -1022022220 (base 4) in base 14?
-7c9cc
What is -3050005 (base 7) in base 2?
-1011001000110011101
What is 3201110320 (base 4) in base 10?
922936
What is -2142601 (base 7) in base 13?
-9274c
870c5 (base 15) to base 6
13105122
What is 454634 (base 7) in base 13?
2aaac
Convert -50303432 (base 6) to base 10.
-1423820
Convert -286a1 (base 11) to base 7.
-226566
What is 1602780 (base 13) in base 5?
3301411443
Convert 4a17514 (base 11) to base 6.
510532312
What is 12213102131 (base 4) in base 10?
1733789
What is -10111022202220 (base 3) in base 12?
-756506
700a1 (base 15) to base 5
42321101
What is -1112121200 (base 3) in base 16?
-7683
What is -10011012222 (base 3) in base 9?
-104188
-4190784 (base 11) to base 3
-111212221110110
What is -71797 (base 13) in base 5?
-23002211
Convert 14284 (base 9) to base 11.
7332
What is -1540a5 (base 16) in base 9?
-2552511
What is 3212030 (base 5) in base 13?
1b780
Convert 1002422 (base 6) to base 14.
1330a
What is -1b204 (base 12) in base 4?
-21301210
What is -100100000010110110 (base 2) in base 16?
-240b6
Convert 20233300 (base 6) to base 4.
2031213210
Convert 4225164 (base 7) to base 13.
14b680
13211033 (base 4) to base 2
111100101001111
-10215544 (base 7) to base 15
-12041a
-100222221020 (base 3) to base 6
-4115010
Convert 7455139 (base 11) to base 4.
302010120202
678232 (base 11) to base 13
2ba5b3
What is 4a83ac (base 15) in base 13?
980886
-847180 (base 9) to base 15
-9e47c
Convert 18cacb (base 13) to base 3.
1011220110100
What is 20033020000 (base 4) in base 15?
2c9b04
What is 1c56a91 (base 14) in base 4?
312021112013
What is dd5a2 (base 16) in base 15?
12d98d
Convert 48947 (base 10) to base 16.
bf33
What is -3511204 (base 6) in base 10?
-180436
145365 (base 10) to base 7
1143543
13657023 (base 10) to base 4
310012032333
-2a54727 (base 11) to base 16
-4fd98d
Convert 101201102001120 (base 3) to base 4.
111232233000
Convert -a5943 (base 12) to base 2.
-110101000100000011
3483ba (base 12) to base 16
ce03e
What is -3996122 (base 10) in base 3?
-21112000122112
Convert 1841761 (base 12) to base 11.
29484a6
Convert -177765 (base 10) to base 15.
-37a10
What is -2aa440 (base 11) in base 9?
-814584
1111202120202 (base 3) to base 9
1452522
Convert 11000001111001000 (base 2) to base 13.
36254
What is 26017233 (base 8) in base 5?
2434300003
Convert 13722 (base 15) to base 3.
10011112112
What is 146513 (base 9) in base 10?
90084
-6658665 (base 9) to base 2
-1101101010100010101010
Convert -55760 (base 9) to base 10.
-37071
404211121 (base 5) to base 12
668570
-4110699 (base 10) to base 7
-46640355
What is 7012 (base 9) in base 7?
20624
-132a20 (base 15) to base 6
-31420320
-10c949 (base 14) to base 15
-b49c1
-111519 (base 10) to base 16
-1b39f
Convert 116630 (base 11) to base 13.
65c46
1001100110100011 (base 2) to base 9
58851
What is -660dcb (base 15) in base 8?
-22432214
What is bb435 (base 14) in base 3?
212001012200
What is -153b0d (base 15) in base 11?
-640201
Convert -334d4 (base 14) to base 5.
-12440300
26842 (base 9) to base 7
104003
Convert -1668239 (base 15) to base 12.
-5550269
What is -64d5a (base 16) in base 7?
-3340064
121323203300 (base 4) to base 10
6797552
What is -805428 (base 9) in base 7?
-4022612
What is -4026c (base 13) in base 14?
-2db0c
-568371 (base 10) to base 8
-2126063
Convert 11200330223 (base 4) to base 10.
1445675
2486478 (base 9) to base 16
14b22f
264759 (base 11) to base 5
101304213
What is -2b9842 (base 14) in base 4?
-11310031002
Convert -31730 (base 8) to base 2.
-11001111011000
Convert -80528 (base 10) to base 11.
-55558
Convert -1607 (base 14) to base 13.
-1a31
What is 21001102 (base 3) in base 12?
2b85
What is 110000111010101100011 (base 2) in base 5?
402243130
Convert 2817298 (base 12) to base 8.
36400724
-274106 (base 8) to base 12
-478b2
What is -7626d (base 14) in base 5?
-33121430
What is -133030323222 (base 4) in base 12?
-28a5576
Convert -176b95 (base 13) to base 15.
-b8b23
-1316842 (base 9) to base 10
-720209
11044304 (base 5) to base 13
350c5
Convert 4bbac (base 13) to base 14.
39256
What is 20f6d (base 16) in base 10?
135021
What is -283794 (base 11) in base 5?
-103203143
What is 2569 (base 12) in base 15?
13dc
What is e625 (base 16) in base 13?
20a81
420535415 (base 6) to base 14
d886c3
Convert 431200201 (base 5) to base 15.
25dd86
62bab0 (base 12) to base 9
2830106
-33223130203 (base 4) to base 15
-562c2a
ab81 (base 13) to base 16
5d7e
Convert 75d40 (base 14) to base 11.
185336
Convert -4b1a (base 15) to base 10.
-16000
-11110222331 (base 4) to base 12
-573625
287724 (base 10) to base 6
10100020
Convert 112205201 (base 6) to base 7.
23406505
-14b7180 (base 14) to base 10
-10122924
What is -2388904 (base 10) in base 13?
-65846b
-136714 (base 9) to base 4
-110123212
Convert 5532216 (base 7) to base 8.
2460530
-1100221110 (base 3) to base 11
-19263
Convert 11200010 (base 6) to base 3.
122101100020
-11012422 (base 5) to base 3
-11210221210
-2316534 (base 7) to base 15
-5b0d3
What is 6240a7 (base 12) in base 6?
53012331
What is 4a5d (base 14) in base 6?
140135
What is 14bd8dc (base 15) in base 14?
1dd3a26
What is -71507 (base 13) in base 3?
-101022102122
What is -168842 (base 12) in base 5?
-44411044
39617 (base 12) to base 6
1404031
Convert -24333314 (base 5) to base 3.
-102201010112
Convert -1988835 (base 11) to base 13.
-903941
What is -35938 (base 10) in base 5?
-2122223
Convert -39586 (base 11) to base 4.
-31310121
What is 13312112 (base 4) in base 8?
76626
-251334114 (base 6) to base 15
-657314
-1323103 (base 5) to base 16
-681d
Convert -134236 (base 7) to base 5.
-1304012
What is 3c7017 (base 13) in base 16?
16760a
What is -392088 (base 15) in base 2?
-1010011101000110010100
630561 (base 7) to base 5
11431313
What is -200507 (base 14) in base 10?
-1076635
-89ba (base 16) to base 3
-1210100212
-490655 (base 16) to base 3
-100000010210222
Convert -3170636 (base 9) to base 11.
-a6110a
What is -2a1fb7 (base 16) in base 13?
-758713
-518701 (base 10) to base 16
-7ea2d
What is -23320221213 (base 4) in base 14?
-5b1607
-237773 (base 9) to base 7
-1135263
What is 41373314 (base 8) in base 9?
17461144
-2866567 (base 10) to base 6
-141235051
Convert 37322 (base 8) to base 4.
3323102
Convert -175aa (base 13) to base 11.
-30831
-10620463 (base 7) to base 16
-e2e94
-211002200211 (base 3) to base 2
-1101010001100110000
Convert -23192 (base 15) to base 11.
-76a4a
-109421 (base 13) to base 11
-248384
What is -108b87 (base 12) in base 13?
-93421
Convert 846b6 (base 12) to base 2.
101010011011101010
What is -80aa61 (base 11) in base 2?
-100111110000111010011
Convert -24a5643 (base 12) to base 9.
-14458786
Convert 1184512 (base 13) to base 3.
101020012010011
What is -3456054 (base 8) in base 4?
-3211300230
-264693 (base 10) to base 15
-53663
What is -5091aa (base 13) in base 9?
-3470122
Convert 3655125 (base 9) to base 5.
1002011141
Convert -e061f (base 16) to base 14.
-19cd1d
Convert 84287 (base 12) to base 15.
364b1
Convert -4032004 (base 5) to base 8.
-176165
Convert 30364015 (base 9) to base 15.
142b835
30187 (base 11) to base 15
d129
-112020200000121 (base 3) to base 9
-15220017
241720 (base 13) to base 15
11ed41
What is -324430144 (base 5) in base 9?
-2571325
-199669 (base 11) to base 10
-305600
Convert 10322123332 (base 4) to base 7.
13642624
-7687a (base 13) to base 8
-643042
Convert -10242100 (base 5) to base 9.
-142483
Convert -2b53c1 (base 15) to base 4.
-13333010230
Convert 6eaab2 (base 16) to base 8.
33525262
What is -3333413220 (base 5) in base 4?
-123330211230
What is -6475414 (base 8) in base 11?
-a8594a
242421 (base 8) to base 13
2bb54
What is 21335 (bas